(z) = -2*z**2 - 15*z - 4. Let l be h(-7). Suppose l*f + 0*o = -3*o + 12, -2*o + 15 = -5*f. Let g(w) = -37*w - 1. What are the prime factors of g(f)?
2, 3
Suppose 0 = -4*b, 2*f - 2*b + b - 456 = 0. Suppose 543 = 4*j + 4*t + 79, 0 = 2*j - 2*t - f. What are the prime factors of j?
5, 23
Let v = -42 - -38. Let m(n) = -3*n**3 - 6*n**2 - 8*n - 8. List the prime factors of m(v).
2, 3, 5
Let i = -1391 - -1959. What are the prime factors of i?
2, 71
Let y(h) = 3423*h**2 - 21*h - 20. List the prime factors of y(-1).
2, 107
Suppose 2 = -8*k + 26. Suppose -3*b + 22 + 14 = 0. Suppose 0 = -k*w + 63 + b. What are the prime factors of w?
5
Let i(d) = 4*d**2 - 9*d**2 + 3*d**2 - 4*d. Let z(s) = 2*s**2 + 5*s + 1. Let y(n) = -4*i(n) - 3*z(n). What are the prime factors of y(-2)?
3
Let x(p) = p**3 + 20*p**2 + 9*p - 32. What are the prime factors of x(-17)?
2, 11, 31
Let g = 119 + -108. Suppose 594 + 990 = g*p. List the prime factors of p.
2, 3
Suppose -2*c = 2*w - 5 - 11, w - 2 = 0. Suppose 4*h = 2 - c. List the prime factors of 0/10 - 43/h.
43
Let b(y) = 4*y**2 - 3*y - 7. Let w(c) = -5*c**2 + 2*c + 8. Let v(u) = 6*b(u) + 5*w(u). Let i be v(-6). Let l = 17 + i. List the prime factors of l.
3
Let w = 7 - 3. Suppose -s + t = -3*s + 9, w*s - 5*t - 25 = 0. Suppose -19 = s*p + 1, 4*p = -j + 12. What are the prime factors of j?
2, 7
Let h(a) = -4*a + 436. List the prime factors of h(20).
2, 89
Let l = 712 + 240. What are the prime factors of l?
2, 7, 17
Let n be 8/3 + 166/(-249). Suppose 3*y = -6, -5*y - 22 = -4*q - 0*y. Suppose -2*s = q*g - 229, -4*s - s = n*g - 171. List the prime factors of g.
73
Let p = -34 + 36. Suppose 3*z = 9, -f + p*f = 2*z + 59. List the prime factors of f.
5, 13
Suppose -2*s = 4*s + 300. Let t = s - -119. What are the prime factors of t?
3, 23
Let y(q) = 15*q - 1. Let k(s) = -2*s - 1. Let i be k(-2). Let l(c) = 15*c - 1. Let j(v) = i*y(v) - 2*l(v). What are the prime factors of j(2)?
29
Suppose 2*h - 11*t = -6*t + 3196, 4*t + 1595 = h. List the prime factors of h.
7, 229
Suppose 3*s + 2*d + 3 = 2*s, 4*d = 3*s - 21. Suppose 498 = 2*w + 2*j, -s*j + j + 1004 = 4*w. List the prime factors of w.
11, 23
Let c(f) = 19*f**3 - f**2. Let g be c(1). Suppose 3*p = v - 42, p + g = -3*v + 164. Suppose -i = i - v. List the prime factors of i.
2, 3
Let i be (134 - -2)*(-30)/(-8). Suppose 13*g = 7*g + i. What are the prime factors of g?
5, 17
Let h = -11 - -15. Suppose 4*g - 4*q = 292, -2*g + h*q - 191 = -5*g. Let a = g - 39. List the prime factors of a.
2, 3, 5
Suppose 3*o = o. Suppose -w = -5*v + 394, o = -3*v - w - 38 + 268. List the prime factors of v.
2, 3, 13
Suppose 8*m = 12*m + 144. Let v = m + 39. Suppose -38 = -5*r - 2*i, 1 = v*r - 5*i + 3. List the prime factors of r.
2, 3
Let t(b) = 1099*b + 65. List the prime factors of t(1).
2, 3, 97
Suppose -4*o + 4*p + 132 = 0, -5*o - 12*p = -15*p - 165. List the prime factors of o.
3, 11
Suppose -r - 30 = r. Let p = r + 52. What are the prime factors of p?
37
Let r be ((-199)/(-2))/((-12)/(-24)). Let f = r + -133. List the prime factors of f.
2, 3, 11
Let q(m) be the first derivative of -8 + 0*m**2 + 1/3*m**3 + 6*m. List the prime factors of q(-4).
2, 11
Suppose -u + j = -103, 6*j - 3*j = -u + 91. Suppose 3*s = -s + u. List the prime factors of s.
5
Suppose -t + 4*i = -1080, 0 = t + 5*i + 150 - 1239. List the prime factors of t.
2, 271
Let v(w) = 2*w**3 + 5*w**2 - 8*w + 4. Let m be v(-6). List the prime factors of ((-15)/20)/(2/m).
3, 5
Let v(j) = 3*j**2 - 6*j - 18. Let g be v(8). What are the prime factors of g - ((-16)/(-6))/(2/(-3))?
2, 5, 13
Let q(k) = 28*k**2 + 2*k. Let c be q(-4). Suppose -4*a = -2*p + c, 2*a = -2*p - 0*p - 208. List the prime factors of (1/(-2))/(9/a).
2, 3
Let t = 119 - 95. Let h(i) = -i**2 + 6*i + 1. Let r be h(5). What are the prime factors of t/10 - r/15?
2
Let r = 178 + -94. Let y = 54 + r. List the prime factors of y.
2, 3, 23
Suppose -6*p - 12 = -10*p. Suppose 5*g = -p*b - 11 - 19, 3*g = -4*b - 29. What are the prime factors of (1/g)/(3/(-279))?
31
Suppose -74101 = -46*x - 23133. List the prime factors of x.
2, 277
Let k(b) = b**2 - 1 - b + 0*b**2 - 1 + 0*b**2. Let d be k(3). Let z = d + 2. What are the prime factors of z?
2, 3
Let j = -20 - -12. Let h = -5 - j. Suppose -h*x - 4 = -5*x. List the prime factors of x.
2
Suppose -b - 76 = 66. Let m = -80 - b. List the prime factors of m.
2, 31
List the prime factors of (0 + 359/2)/((-23)/(-46)).
359
What are the prime factors of (-160)/12*960/(-50)?
2
Let z(a) = -41*a**3 - 2*a**2 - 4*a + 6. List the prime factors of z(-3).
3, 41
Suppose i - 148 = -3*h - h, 0 = -3*h + 9. Suppose 0 = 2*x, -3*t + t - x - i = 0. Let r = t + 117. List the prime factors of r.
7
Suppose 2*j = -2*t + 14, j + 3*j + 28 = 3*t. List the prime factors of t.
2
Suppose 7*y - 1094 = 4604. List the prime factors of y.
2, 11, 37
Let o = -3 + 8. Let q = o - 7. What are the prime factors of (q/(-3))/((-8)/(-36))?
3
Let l(r) = r**2 + 18*r + 27 - 2*r**2 - 9 + 4. What are the prime factors of l(16)?
2, 3
Suppose 1639 = -49*u - 3065. Let m = 32 + -18. List the prime factors of u/4*m/(-8).
2, 3, 7
Let k = 328 + -185. Let q = k - 79. Suppose -5*m + q = -6. What are the prime factors of m?
2, 7
Let p(k) = 37*k**2 - 12*k + 33. What are the prime factors of p(5)?
2, 449
Let d(u) = u**2 + 492. Let m be d(0). Suppose 5*r - m - 233 = 0. What are the prime factors of r?
5, 29
Let y = -19 - -17. What are the prime factors of (-1287)/(-21) - ((-12)/7 - y)?
61
Suppose -4*t - 26 = -74. Suppose 4*u = -2*g - 2, 6*g - 3*g + 5*u = -3. List the prime factors of t - 1/(g/3).
3, 5
Let y(i) = i - 2. Let a be y(5). Suppose 1 + 29 = -a*u. Let s(l) = l**2 + 8*l - 2. What are the prime factors of s(u)?
2, 3
Let f(v) = -2*v + 10. Let m be f(-4). Let k = -9 + m. What are the prime factors of k?
3
Suppose 13135 = 5*a + 2490. List the prime factors of a.
2129
Suppose -5*t + 7191 = 12*t. List the prime factors of t.
3, 47
Suppose 3*a - 5 - 5 = -5*s, 0 = -2*a + 5*s - 10. Let y(b) = -b**2 - b + 120. What are the prime factors of y(a)?
2, 3, 5
Suppose -53*z + 49*z + 1540 = 0. List the prime factors of z.
5, 7, 11
Let h(x) = x**3 - 9*x**2 - 9*x + 13. Let d be h(10). Let m = d - 20. Suppose r = m*b - 2*b + 28, -2*r + b + 57 = 0. List the prime factors of r.
29
Suppose -2*g = -54 + 188. Let x = g - -128. List the prime factors of x.
61
Let r(q) = -q**3 - 5*q**2 + 7*q - 5. Let y be r(-7). Suppose 4*b + 33 = 3*h - 7, 4*b - y = -4*h. List the prime factors of 51*(-1 + 20/h).
2, 17
Let c = -24 + 54. Suppose -d - c = 2*d. Let v = 25 + d. What are the prime factors of v?
3, 5
Let u(x) = -13*x - 19. Let g be u(-2). Let z(a) = a**3 + 2*a - 31. List the prime factors of z(g).
2, 163
What are the prime factors of 61 + (-3 - (6 + -5))?
3, 19
Suppose x = 3*m + 669 + 315, -1952 = -2*x - 2*m. List the prime factors of x.
2, 3, 163
Let m be 15/6*(-6)/(-5). Let u(k) = -3 - 3*k + 7*k + 3*k**m + 8*k**2 - 2*k**3. What are the prime factors of u(-7)?
2, 3
Suppose 5*u + 33 = 2*u. Let i be (-2)/u + 184/(-44). List the prime factors of 16*(4 + i - -4).
2
Let a(j) be the third derivative of -j**6/120 + j**5/30 + 38*j**3/3 - 7*j**2. What are the prime factors of a(0)?
2, 19
What are the prime factors of 0 + 3 - (-1209 + -22)?
2, 617
Let y(b) be the third derivative of b**6/120 - b**5/12 + b**4/4 - 3*b**3/2 - 3*b**2. Let g be y(6). Let u = g - 36. What are the prime factors of u?
3
Let o = 5667 + -723. What are the prime factors of o?
2, 3, 103
Let k(f) = -188*f**3 - 2*f - 1. List the prime factors of k(-1).
3, 7
Let b(a) = a**2 - a + 7. Let g be b(0). Suppose 8 = -w + g. What are the prime factors of 31/(w/(4/(-4)))?
31
Suppose -2*b = -88 + 10. Suppose -2*c - c + b = 0. What are the prime factors of c?
13
Let u be (-4)/10*(-15)/6*-2. List the prime factors of 1/((-181)/(-267) + u/3).
89
Suppose 0 = 4*b + 4*g - 148, 6*g - 12 = 2*g. Let d = 81 - b. List the prime factors of d.
47
Let f(m) = -m**2 + 46*m - 57. What are the prime factors of f(43)?
2, 3
Let m(k) be the third derivative of 1/60*k**5 - 1/2*k**3 + 3*k**2 + 0*k + 0 - 3/8*k**4. What are the prime factors of m(10)?
7
Suppose -5*k - f = -12886, 4*k = 41*f - 44*f + 10300. List the prime factors of k.
2, 1289
Let c = 661 + -88. List the prime factors of c.
3, 191
Let c = 7 - 